{"id":165,"date":"2025-03-20T15:13:40","date_gmt":"2025-03-20T14:13:40","guid":{"rendered":"https:\/\/sp.blazowa.net\/?page_id=165"},"modified":"2025-03-20T15:16:00","modified_gmt":"2025-03-20T14:16:00","slug":"rozklad-zajec-w-roku-2024-2025","status":"publish","type":"page","link":"https:\/\/sp.blazowa.net\/?page_id=165","title":{"rendered":"Rozk\u0142ad zaj\u0119\u0107 w roku 2024\/2025"},"content":{"rendered":"\n<figure class=\"wp-block-table\"><table class=\"has-fixed-layout\"><tbody><tr><td colspan=\"4\"><strong>ROZK\u0141AD ZAJ\u0118\u0106 W ODDZIALE PRZEDSZKOLNYM&nbsp; W ROKU SZKOLNYM 2024\/2025<\/strong><\/td><\/tr><tr><td><strong>Grupa \u201eKangurki\u201d<\/strong><\/td><td><strong>Grupa \u201ePuchatki\u201d<\/strong><\/td><td><strong>Grupa \u201eTygryski\u201d<\/strong><\/td><td><strong>Grupa \u201eS\u00f3wki\u201d<\/strong><\/td><\/tr><tr><td>Zaj\u0119cia edukacyjne prowadz\u0105: Klaudia Wyskiel<br>Gabriela Niemiec<\/td><td>Zaj\u0119cia edukacyjne prowadz\u0105: Natalia Pelc<br>Ma\u0142gorzata Makara<\/td><td>Zaj\u0119cia edukacyjne prowadz\u0105: Magdalena Wyskiel<br>Ma\u0142gorzata Makra<\/td><td>Zaj\u0119cia edukacyjne prowadz\u0105: Magdalena Pomyka\u0142a<br>Natalia Pelc<br>Magdalena Wyskiel<br>Klaudia Wyskiel<br>Gabriela Niemiec<\/td><\/tr><tr><td>Zaj\u0119cia z j. angielskiego prowadzi: Barbara Filip poniedzia\u0142ek: 10:00-10:15<br>pi\u0105tek: 10:00-10:15<\/td><td>Zaj\u0119cia z j. angielskiego prowadzi: Barbara Filip poniedzia\u0142ek: 10:20-10:35<br>pi\u0105tek: 10:20-10:35<\/td><td>Zaj\u0119cia z j. angielskiego prowadzi: Barbara Filip wtorek: 09:05-09:35 pi\u0105tek: 08:50-09:20<\/td><td>Zaj\u0119cia z j. angielskiego prowadzi: Barbara Filip Wtorek: 08:30-09:00 pi\u0105tek: 09:25-09:55<\/td><\/tr><tr><td>&nbsp;<\/td><td>&nbsp;<\/td><td>Zaj\u0119cia z religii prowadzi: Anna Skowronek poniedzia\u0142ek: 11:30-12:00 czwartek: 10:25-10:55<\/td><td>Zaj\u0119cia z religii prowadzi: Anna Skowronek poniedzia\u0142ek: 12:05-12:35 czwartek: 09:50-<\/td><\/tr><\/tbody><\/table><\/figure>\n","protected":false},"excerpt":{"rendered":"<p>ROZK\u0141AD ZAJ\u0118\u0106 W ODDZIALE PRZEDSZKOLNYM&nbsp; W ROKU SZKOLNYM 2024\/2025 Grupa \u201eKangurki\u201d Grupa \u201ePuchatki\u201d Grupa \u201eTygryski\u201d Grupa \u201eS\u00f3wki\u201d Zaj\u0119cia edukacyjne prowadz\u0105: Klaudia WyskielGabriela Niemiec Zaj\u0119cia edukacyjne prowadz\u0105: Natalia PelcMa\u0142gorzata Makara Zaj\u0119cia&#8230; <\/p>\n","protected":false},"author":1,"featured_media":0,"parent":0,"menu_order":0,"comment_status":"closed","ping_status":"closed","template":"","meta":{"footnotes":""},"class_list":["post-165","page","type-page","status-publish","hentry"],"_links":{"self":[{"href":"https:\/\/sp.blazowa.net\/index.php?rest_route=\/wp\/v2\/pages\/165","targetHints":{"allow":["GET"]}}],"collection":[{"href":"https:\/\/sp.blazowa.net\/index.php?rest_route=\/wp\/v2\/pages"}],"about":[{"href":"https:\/\/sp.blazowa.net\/index.php?rest_route=\/wp\/v2\/types\/page"}],"author":[{"embeddable":true,"href":"https:\/\/sp.blazowa.net\/index.php?rest_route=\/wp\/v2\/users\/1"}],"replies":[{"embeddable":true,"href":"https:\/\/sp.blazowa.net\/index.php?rest_route=%2Fwp%2Fv2%2Fcomments&post=165"}],"version-history":[{"count":2,"href":"https:\/\/sp.blazowa.net\/index.php?rest_route=\/wp\/v2\/pages\/165\/revisions"}],"predecessor-version":[{"id":168,"href":"https:\/\/sp.blazowa.net\/index.php?rest_route=\/wp\/v2\/pages\/165\/revisions\/168"}],"wp:attachment":[{"href":"https:\/\/sp.blazowa.net\/index.php?rest_route=%2Fwp%2Fv2%2Fmedia&parent=165"}],"curies":[{"name":"wp","href":"https:\/\/api.w.org\/{rel}","templated":true}]}}

Rozkład zajęć w roku 2024/2025

<figure class="wp-block-table"><table class="has-fixed-layout"><tbody><tr><td colspan="4"><strong>ROZKŁAD ZAJĘĆ W ODDZIALE PRZEDSZKOLNYM&nbsp; W ROKU SZKOLNYM 2024/2025</strong></td></tr><tr><td><strong>Grupa „Kangurki”</strong></td><td><strong>Grupa „Puchatki”</strong></td><td><strong>Grupa „Tygryski”</strong></td><td><strong>Grupa „Sówki”</strong></td></tr><tr><td>Zajęcia edukacyjne prowadzą: Klaudia Wyskiel<br>Gabriela Niemiec</td><td>Zajęcia edukacyjne prowadzą: Natalia Pelc<br>Małgorzata Makara</td><td>Zajęcia edukacyjne prowadzą: Magdalena Wyskiel<br>Małgorzata Makra</td><td>Zajęcia edukacyjne prowadzą: Magdalena Pomykała<br>Natalia Pelc<br>Magdalena Wyskiel<br>Klaudia Wyskiel<br>Gabriela Niemiec</td></tr><tr><td>Zajęcia z j. angielskiego prowadzi: Barbara Filip poniedziałek: 10:00-10:15<br>piątek: 10:00-10:15</td><td>Zajęcia z j. angielskiego prowadzi: Barbara Filip poniedziałek: 10:20-10:35<br>piątek: 10:20-10:35</td><td>Zajęcia z j. angielskiego prowadzi: Barbara Filip wtorek: 09:05-09:35 piątek: 08:50-09:20</td><td>Zajęcia z j. angielskiego prowadzi: Barbara Filip Wtorek: 08:30-09:00 piątek: 09:25-09:55</td></tr><tr><td>&nbsp;</td><td>&nbsp;</td><td>Zajęcia z religii prowadzi: Anna Skowronek poniedziałek: 11:30-12:00 czwartek: 10:25-10:55</td><td>Zajęcia z religii prowadzi: Anna Skowronek poniedziałek: 12:05-12:35 czwartek: 09:50-</td></tr></tbody></table></figure>

<p>ROZKŁAD ZAJĘĆ W ODDZIALE PRZEDSZKOLNYM&nbsp; W ROKU SZKOLNYM 2024/2025 Grupa „Kangurki” Grupa „Puchatki” Grupa „Tygryski” Grupa „Sówki” Zajęcia edukacyjne prowadzą: Klaudia WyskielGabriela Niemiec Zajęcia edukacyjne prowadzą: Natalia PelcMałgorzata Makara Zajęcia&#8230; </p>
