{"id":172,"date":"2025-03-20T15:19:34","date_gmt":"2025-03-20T14:19:34","guid":{"rendered":"https:\/\/sp.blazowa.net\/?page_id=172"},"modified":"2025-03-20T15:19:34","modified_gmt":"2025-03-20T14:19:34","slug":"posilki","status":"publish","type":"page","link":"https:\/\/sp.blazowa.net\/?page_id=172","title":{"rendered":"Posi\u0142ki"},"content":{"rendered":"\n<p>Godziny posi\u0142k\u00f3w w oddziale przedszkolnym Bajkowa Kraina w B\u0142a\u017cowej.<\/p>\n\n\n\n<p>\u015aniadanie:<\/p>\n\n\n\n<p>8:10 \u2013 8:40 \u2013 grupa S\u00f3wki, Tygryski<\/p>\n\n\n\n<p>8:40 \u2013 9:10 \u2013 grupa Puchatki, Kangurki<\/p>\n\n\n\n<p>II \u015bniadanie:<\/p>\n\n\n\n<p>10:00&nbsp; 10:15 \u2013 wszystkie grupy w swoich salach<\/p>\n\n\n\n<p>Obiad:<\/p>\n\n\n\n<p>11:00 \u2013 11:30 \u2013 grupa S\u00f3wki, Tygryski<\/p>\n\n\n\n<p>11:30 \u2013 12:00 \u2013 grupa Puchatki, &nbsp;grupa Kangurki<\/p>\n\n\n\n<p>Podwieczorek:<\/p>\n\n\n\n<p>13:00 \u2013 13:30 \u2013 grupa S\u00f3wki, grupa Tygryski<\/p>\n\n\n\n<p>13:30 \u2013 14:00 \u2013 grupa Puchatki, &nbsp;grupa Kangurki<\/p>\n","protected":false},"excerpt":{"rendered":"<p>Godziny posi\u0142k\u00f3w w oddziale przedszkolnym Bajkowa Kraina w B\u0142a\u017cowej. \u015aniadanie: 8:10 \u2013 8:40 \u2013 grupa S\u00f3wki, Tygryski 8:40 \u2013 9:10 \u2013 grupa Puchatki, Kangurki II \u015bniadanie: 10:00&nbsp; 10:15 \u2013 wszystkie&#8230; <\/p>\n","protected":false},"author":1,"featured_media":0,"parent":0,"menu_order":0,"comment_status":"closed","ping_status":"closed","template":"","meta":{"footnotes":""},"class_list":["post-172","page","type-page","status-publish","hentry"],"_links":{"self":[{"href":"https:\/\/sp.blazowa.net\/index.php?rest_route=\/wp\/v2\/pages\/172","targetHints":{"allow":["GET"]}}],"collection":[{"href":"https:\/\/sp.blazowa.net\/index.php?rest_route=\/wp\/v2\/pages"}],"about":[{"href":"https:\/\/sp.blazowa.net\/index.php?rest_route=\/wp\/v2\/types\/page"}],"author":[{"embeddable":true,"href":"https:\/\/sp.blazowa.net\/index.php?rest_route=\/wp\/v2\/users\/1"}],"replies":[{"embeddable":true,"href":"https:\/\/sp.blazowa.net\/index.php?rest_route=%2Fwp%2Fv2%2Fcomments&post=172"}],"version-history":[{"count":1,"href":"https:\/\/sp.blazowa.net\/index.php?rest_route=\/wp\/v2\/pages\/172\/revisions"}],"predecessor-version":[{"id":173,"href":"https:\/\/sp.blazowa.net\/index.php?rest_route=\/wp\/v2\/pages\/172\/revisions\/173"}],"wp:attachment":[{"href":"https:\/\/sp.blazowa.net\/index.php?rest_route=%2Fwp%2Fv2%2Fmedia&parent=172"}],"curies":[{"name":"wp","href":"https:\/\/api.w.org\/{rel}","templated":true}]}}