{"id":234,"date":"2025-03-20T17:50:00","date_gmt":"2025-03-20T16:50:00","guid":{"rendered":"https:\/\/sp.blazowa.net\/?page_id=234"},"modified":"2025-03-20T17:50:00","modified_gmt":"2025-03-20T16:50:00","slug":"patronka-anna-jenke","status":"publish","type":"page","link":"https:\/\/sp.blazowa.net\/?page_id=234","title":{"rendered":"Patronka Anna Jenke"},"content":{"rendered":"\n<p>Anna Paulina Maria Jenke (ur. 3 kwietnia 1921 w B\u0142a\u017cowej, zm. 15 lutego 1976 w Jaros\u0142awiu) \u2013 S\u0142u\u017cebnica Bo\u017ca, polska harcerka, pedagog, pisarka, magister filologii, dzia\u0142aczka spo\u0142eczna.<\/p>\n\n\n\n<p><strong>\u017byciorys<\/strong><\/p>\n\n\n\n<p><strong>M\u0142odo\u015b\u0107 i lata wojny<\/strong><\/p>\n\n\n\n<p>Chrzest przyj\u0119\u0142a 15 maja 1921 w ko\u015bciele parafialnym w B\u0142a\u017cowej. Tam w 1927 rozpoczyna\u0142a edukacj\u0119 w szkole powszechnej. W wieku 7 lat zamieszka\u0142a z rodzicami w Jaros\u0142awiu. Tam\u017ce 7 czerwca 1930 przyj\u0119\u0142a I komuni\u0119 \u015bwi\u0119t\u0105, a&nbsp;24 kwietnia 1934 sakrament bierzmowania. W tym mie\u015bcie ucz\u0119szcza\u0142a do czteroletniej szko\u0142y im. B\u0142. Kingi, od 1932 do Prywatnego Gimnazjum \u017be\u0144skiego im. Juliusza S\u0142owackiego, nast\u0119pnie od 1933 do Gimnazjum i od 1937 do dwuletniego Liceum Og\u00f3lnokszta\u0142c\u0105cego Si\u00f3str Niepokalanek, kt\u00f3re uko\u0144czy\u0142a w 1939. W mi\u0119dzyczasie rozpocz\u0119\u0142a dzia\u0142alno\u015b\u0107 harcersk\u0105. Od 1 wrze\u015bnia 1939, czyli pierwszych dni II wojny \u015bwiatowej, Anna anga\u017cowa\u0142a si\u0119 w akcje: przygotowuj\u0105c z harcerkami zapasy \u017cywno\u015bciowe, kompletuj\u0105c apteczki, pracuj\u0105c w Pogotowiu Ratunkowym, w szpitalu, wysy\u0142aj\u0105c paczki je\u0144com, organizuj\u0105c dla biednych i opuszczonych dzieci &#8222;kromk\u0119 chleba&#8221;, dzia\u0142aj\u0105c w RGO (Rada G\u0142\u00f3wna Opieku\u0144cza) na rzecz ludzi poszkodowanych i biednych. Urz\u0105dza\u0142a zbi\u00f3rki dla powsta\u0144c\u00f3w Warszawy, odwiedza\u0142a chorych i biednych w domach prywatnych. 15 listopada 1940 zatrudniona zosta\u0142a w drukarni w charakterze praktykantki biurowej i zaanga\u017cowa\u0142a si\u0119 w dzia\u0142alno\u015b\u0107 konspiracyjn\u0105 \u2013 &#8222;trzyma\u0142a r\u0119k\u0119 na pulsie \u017cycia miasta Jaros\u0142awia&#8221;. Od stycznia 1942 do lipca 1944 bra\u0142a udzia\u0142 w tajnym nauczaniu, w charakterze nauczycielki Gimnazjum i Liceum Og\u00f3lnokszta\u0142c\u0105cego w Jaros\u0142awiu, wraz z ks. Stanis\u0142awem Szpetnarem, kt\u00f3ry by\u0142 jej spowiednikiem.<\/p>\n\n\n\n<p><strong>Dzia\u0142alno\u015b\u0107 po wojnie<\/strong><\/p>\n\n\n\n<p>Po wojnie, nadal by\u0142a w konspiracji i pomaga\u0142a rannym. Przywo\u017cono ich do Jaros\u0142awia, np. po bitwie w Kury\u0142\u00f3wce. W tych dniach dzia\u0142a\u0144 partyzant\u00f3w AK, (np. 20 maja 1945), por\u00f3wnuje w Dzienniczku, siebie do pracuj\u0105cych w szpitalu, w czasie Powstania Warszawskiego, kt\u00f3rzy te\u017c dokonywali cud\u00f3w. Potem dodaje: Jak\u017ce jestem ma\u0142a. I dzi\u0119kuj\u0119 Bogu za spowiednika (ks. Stanis\u0142awa Szpetnara).<\/p>\n\n\n\n<p>W latach 1945-1950 studiowa\u0142a na Wydziale Nauk Humanistycznych Uniwersytetu Jagiello\u0144skiego, uzyskuj\u0105c tytu\u0142 magistra z filologii polskiej (temat jej pracy: Dziecko ulicy w polskiej literaturze 20-lecia mi\u0119dzywojennego). Po studiach pracowa\u0142a jako polonistka i wychowawczyni w szko\u0142ach \u015brednich w Jaros\u0142awiu. 31 sierpnia 1956 zosta\u0142a zwolniona z pracy w Liceum dla Wychowawczy\u0144 Przedszkoli w Jaros\u0142awiu i zosta\u0142a przyj\u0119ta na stanowisko kierownika w Bibliotece Miejskiej w Jaros\u0142awiu. W okresie od 11 pa\u017adziernika 1956 do 31 sierpnia 1958 zatrudniona by\u0142a w Bibliotece Miejskiej. 16 kwietnia 1957 Komisja Rehabilitacyjna w Rzeszowie da\u0142a pozytywn\u0105 odpowied\u017a na jej pro\u015bby, by mog\u0142a powr\u00f3ci\u0107 do pracy w szkolnictwie. 1 wrze\u015bnia 1958 zatrudniona zosta\u0142a w charakterze nauczycielki w Pa\u0144stwowym Liceum Sztuk Plastycznych w Jaros\u0142awiu. W 1959 powierzono jej obowi\u0105zki dyrektora szko\u0142y Liceum Sztuk Plastycznych i to pocz\u0105tkowo z czasowym ograniczeniem. Z\u0142o\u017cy\u0142a rezygnacj\u0119 z tej funkcji w 1962 z powodu choroby.<\/p>\n\n\n\n<p>6 pa\u017adziernika 1972 uchwa\u0142\u0105 Rady Pa\u0144stwa zosta\u0142a odznaczona Z\u0142otym Krzy\u017cem Zas\u0142ugi. 14 pa\u017adziernika 1972 decyzj\u0105 Kuratorium Okr\u0119gu Szkolnego w Rzeszowie otrzyma\u0142a tytu\u0142 profesora szko\u0142y \u015bredniej.<\/p>\n\n\n\n<p>Anna Jenke zmar\u0142a w Jaros\u0142awiu 15 lutego 1976 na chorob\u0119 nowotworow\u0105 (czerniak sk\u00f3ry). Jej pogrzeb 18 lutego 1976 sta\u0142 si\u0119 wielk\u0105 manifestacj\u0105. Zosta\u0142a pochowana w grobowcu rodzinnym na Starym Cmentarzu w Jaros\u0142awiu. Mia\u0142a brata.<\/p>\n\n\n\n<p><strong>Osi\u0105gni\u0119cia<\/strong><\/p>\n\n\n\n<p>Dzi\u015b, jak g\u0142osz\u0105 biskupi: Anna Jenke za swoje osi\u0105gni\u0119cia, jako obro\u0144czyni wiary i ojczyzny, a zw\u0142aszcza najbiedniejszych, nie mo\u017ce by\u0107 wykre\u015blana z ludzkiej pami\u0119ci.<\/p>\n\n\n\n<p>Anna Jenke jest autork\u0105 &#8222;Dzienniczk\u00f3w i rozwa\u017ca\u0144&#8221;, kt\u00f3re ukaza\u0142y si\u0119 drukiem. O niej ukaza\u0142o si\u0119 wiele ksi\u0105\u017cek, m.in. s. dr. Bernadety Lipian.<\/p>\n\n\n\n<p>Do osi\u0105gni\u0119\u0107 Anny Jenke nale\u017cy: bohaterskie niesienie pomocy je\u0144com i wi\u0119\u017aniom z nara\u017ceniem \u017cycia i to w czasach okupacji. Po wojnie, mimo trudnych czas\u00f3w dla Ko\u015bcio\u0142a, mia\u0142a w czasie swojej pracy wychowawczej w\u015br\u00f3d uczni\u00f3w 25 powo\u0142a\u0144 kap\u0142a\u0144skich. Jej program wychowawczy &#8222;S\u0142oneczna ska\u0142a&#8221; sta\u0142 si\u0119 podstaw\u0105 do nazwania kurs\u00f3w i warsztat\u00f3w dla nauczycieli organizowanych przez Kuratoria O\u015bwiaty.<\/p>\n\n\n\n<p><strong>Inne informacje<\/strong><\/p>\n\n\n\n<p>26 marca 1993 Kuria Metropolitarna w Przemy\u015blu, staraniem arcybiskupa Ignacego Tokarczuka, rozpocz\u0119\u0142a proces beatyfikacyjny Anny Jenke na szczeblu diecezjalnym. Proces trwa.<\/p>\n\n\n\n<p>W dniach 10-11 kwietnia 1997 dokonano ekshumacji doczesnych szcz\u0105tk\u00f3w Anny Jenke, kt\u00f3re z cmentarza przeniesiono do krypty, znajduj\u0105cej si\u0119 w ko\u015bciele \u015bw. Miko\u0142aja w Jaros\u0142awiu \u2013 w O\u015brodku Kultury i Formacji Chrze\u015bcija\u0144skiej im. S\u0142u\u017cebnicy Bo\u017cej Anny Jenke.<\/p>\n\n\n\n<p><strong>Upami\u0119tnienie<\/strong><\/p>\n\n\n\n<p>Tablica pami\u0105tkowa na gmachu Medycznej Szko\u0142y Policealnej im. Anny Jenke w Sanoku<\/p>\n\n\n\n<p><img fetchpriority=\"high\" decoding=\"async\" width=\"304\" height=\"480\" src=\"\" alt=\"https:\/\/4.bp.blogspot.com\/-FouezPDP-yQ\/V-kTYUM-BGI\/AAAAAAAAE6I\/5NFoS06JvtIAvU_L6timei5aOsGv6HjhgCLcB\/s1600\/jenke_img034.jpg\">W Jaros\u0142awiu w Opactwie Si\u00f3str Benedyktynek znajduje si\u0119 pomnik Anny Jenke. Inskrypcja na postumencie g\u0142osi: Anna Jenke (1921-1976) Wspania\u0142a nauczycielka i wychowawczyni m\u0142odzie\u017cy. Mi\u0142uj\u0105ca Boga, ludzi i ojczyzn\u0119. Na terenie klasztoru funkcjonuje O\u015brodek Kultury i Formacji Chrze\u015bcija\u0144skiej im. Anny Jenke.<\/p>\n\n\n\n<p>3 czerwca 2002 w 40-lecie szko\u0142y medycznej przy ulicy Stanis\u0142awa Konarskiego 3 w Sanoku (przy sanockim szpitalu) przemianowano nazw\u0119 na Medyczn\u0105 Szko\u0142y Policealnej im. Anny Jenke. Na budynku znajduje si\u0119 tablica pami\u0105tkowa ustanowiona w 2002 z okazji jubileuszu i nadania szkole imienia patronki. Inskrypcja brzmi: \u201eDo ludzi trzeba i\u015b\u0107 z dusz\u0105 bogat\u0105 w mi\u0142o\u015b\u0107\u201d Anna Jenke. Upami\u0119tniono 40-lecie szko\u0142y i nadanie imienia. Sanok 6 czerwiec 2002 r.<\/p>\n\n\n\n<p>Imi\u0119 patronki przyj\u0119\u0142y szko\u0142y: Gimnazjum w Adam\u00f3wce, Gimnazjum w B\u0142a\u017cowej, Szko\u0142a Podstawowa w Przysiekach, Szko\u0142a Podstawowa w Mrowinach oraz w 1999 Szko\u0142a Podstawowa w Rog\u00f3\u017cnie, przy kt\u00f3rej w 2005 ods\u0142oni\u0119to Pomnik Patronki Szko\u0142y S\u0142u\u017cebnicy Bo\u017cej Anny Jenke.<\/p>\n\n\n\n<p>Zr\u00f3d\u0142o: Wikipedia<\/p>\n\n\n\n<p>Prezentacja o Annie Jenke (<a href=\"https:\/\/drive.google.com\/file\/d\/1OPtnN3Nv_JY340rXKA5fch7nei9ojYrS\/view?usp=sharing\">Power Point<\/a>)<\/p>\n\n\n\n<p><strong>Zestawienie bibliograficzne (Materia\u0142y dost\u0119pne w bibliotece Szko\u0142y Podstawowej w B\u0142a\u017cowej)<\/strong><\/p>\n\n\n\n<p>Jenke A., Dzienniczki i rozwa\u017cania, Rzesz\u00f3w \u2013 Jaros\u0142aw 1997<\/p>\n\n\n\n<p>Lipian B., Anna Jenke wz\u00f3r harcerzy, Rzesz\u00f3w \u2013 Jaros\u0142aw 2001<\/p>\n\n\n\n<p>Lipian B., Anna Jenke. \u017bycie, dzia\u0142alno\u015b\u0107, przes\u0142anie, Rzesz\u00f3w \u2013 Jaros\u0142aw 2006<\/p>\n\n\n\n<p>Lipian B., Bliska przes\u0142aniu Pani Fatimskiej.&nbsp; W 100-letni\u0105 rocznic\u0119&nbsp; Objawie\u0144 Fatimskich, &nbsp;&nbsp;Rzesz\u00f3w 2017<\/p>\n\n\n\n<p>Lipian B., B\u0142ogos\u0142awione przes\u0142anie. Teksty poetyckie Anny Jenke i&nbsp; o Annie, Jaros\u0142aw 2003<\/p>\n\n\n\n<p>Lipian B., \u201e\u2026by\u0107 kiedy\u015b \u015bwi\u0119t\u0105\u2026\u201d. Anna Jenke (1921 \u2013 1976), Jaros\u0142aw 2012<\/p>\n\n\n\n<p>Lipian B., Ca\u0142e \u017cycie w pi\u0119knym stylu, Jaros\u0142aw 2014<\/p>\n\n\n\n<p>Lipian B., Cisza g\u0142\u0119bi\u2026 i B\u00f3g to tajemnica ich \u017cycia, Rzesz\u00f3w \u2013 Jaros\u0142aw 2016<\/p>\n\n\n\n<p>Lipian B., Codzienno\u015b\u0107 w blasku s\u0142o\u0144ca, Jaros\u0142aw 2002<\/p>\n\n\n\n<p>Lipian B., Kryszta\u0142 w blasku S\u0142o\u0144ca. O Annie Jenke pedagogu i wychowawcy (1921 \u2013 1976)<\/p>\n\n\n\n<p>Lipian B., Kwiaty w cierpieniu, Rzesz\u00f3w 2000<\/p>\n\n\n\n<p>Lipian B., M\u0105dro\u015b\u0107 i Autorytet, Jaros\u0142aw 2003<\/p>\n\n\n\n<p>Lipian B., Mi\u0142o\u015b\u0107 ukrzy\u017cowania. Rozwa\u017cania Drogi Krzy\u017cowej, inspirowane Osob\u0105 i dzie\u0142em S\u0142ugi Bo\u017cej Anny Jenke, Jaros\u0142aw 2015<\/p>\n\n\n\n<p>Lipian B., O Annie Jenke i jej programie wychowawczym. Wychowywa\u0107 z mi\u0142o\u015bci i poczucia odpowiedzialno\u015bci, Rzesz\u00f3w 2006<\/p>\n\n\n\n<p>Lipian B., Pedagog z charakterem. Rzecz o Annie Jenke. Dokument&nbsp; historyczno-wychowawczy, Rzesz\u00f3w \u2013 Jaros\u0142aw 2006<\/p>\n\n\n\n<p>Lipian B., Pragn\u0105c tylko gwiazd, Jaros\u0142aw 1998<\/p>\n\n\n\n<p>Lipian B., Pr\u00f3ba mi\u0142o\u015bci. Refleksje i rozwa\u017cania modlitewne, Jaros\u0142aw 2004<\/p>\n\n\n\n<p>Lipian B., Wierno\u015b\u0107 dobru i prawdzie w sprawach wychowania, Rzesz\u00f3w 2002<\/p>\n\n\n\n<p>Lipian B., Wybra\u0142 go Jezus\u2026 Ks. Arcybiskup Ignacy Tokarczuk (1918 \u2013 2012), Jaros\u0142aw 2013<\/p>\n\n\n\n<p>Lipian B., Wz\u00f3r \u017cycia i mi\u0142o\u015bci, Rzesz\u00f3w 2007<\/p>\n\n\n\n<p>Lipian B., Z Bogiem i tylko dla Boga. 25-lecie dzia\u0142alno\u015bci&nbsp; Towarzystwa Przyjaci\u00f3\u0142 Anny Jenke, Rzesz\u00f3w \u2013 Jaros\u0142aw 20014<\/p>\n\n\n\n<p>Lipian B., Z Bogiem i tylko dla Boga.&nbsp; \u017bycie Ewangeli\u0105. Sylwetka duchowa Anny Jenke (1921 \u2013 1976), Jaros\u0142aw 1998<\/p>\n\n\n\n<p>Lipian B., \u017beby zrozumie\u0107 cz\u0142owieka\u2026 o dzieciach ulicy, Jaros\u0142aw 2005<\/p>\n\n\n\n<p>Lipian B., \u017bycie Eucharysti\u0105. Sakrament Mi\u0142o\u015bci w \u017cyciu Anny Jenke, Rzesz\u00f3w 2004<\/p>\n\n\n\n<p>Lipian B., \u017byli w blasku prawdy i mi\u0142o\u015bci. W 100 rocznic\u0119 urodzin \u015awi\u0119tego Jana Paw\u0142a II i S\u0142ugi Bo\u017cej Anny Jenke, Jaros\u0142aw 2020<\/p>\n\n\n\n<p>Lipian B., \u017by\u0142a w cieniu Anny Jenke. O Lidii Tomkiewicz (1929 \u2013 2014), Jaros\u0142aw 2015<\/p>\n\n\n\n<p>Lipian B., \u017bycie zbudowane na skale\u2026 O Annie Jenke (1921 \u2013 1976), Przemy\u015bl 2006<\/p>\n\n\n\n<p>Lipian B., \u017byj\u0119 na chwa\u0142\u0119 Boga po nic wi\u0119cej. Z Ann\u0105 Jernke rozmowy niedoko\u0144czone\u2026, Rzesz\u00f3w 2013<\/p>\n\n\n\n<p>Lipian B., Tomkiewicz L., S\u0142\u00f3w kilka o mi\u0142o\u015bci Ojczyzny, Jaros\u0142aw 2000<\/p>\n\n\n\n<p>Lipian B., Tomkiewicz L., Pi\u0119kna m\u0142odo\u015b\u0107. Budowanie na Skale. M\u0142odo\u015b\u0107 Anny Jenke na tle przes\u0142ania Jana Paw\u0142a II do m\u0142odzie\u017cy. Rzesz\u00f3w 2006<\/p>\n\n\n\n<p>Misztal H., Lipian B., Anna Jenke 1921 \u2013 1976, Lublin 1994<\/p>\n\n\n\n<p>Skiba A., Anna Jenke (1921 \u2013 1976). Refleksje w oparciu o jej \u201eDzienniczki\u201d, Rzesz\u00f3w 2018<\/p>\n\n\n\n<p>Szczepaniec W., Rozmowy z Ann\u0105, Szczecin 1998<\/p>\n\n\n\n<p>Tkaczyk Z., J., R\u00f3\u017caniec ze S\u0142u\u017cebnic\u0105 Bo\u017c\u0105 Ann\u0105 Jenke, Warszawa 2012<\/p>\n\n\n\n<p>Tomkiewicz L., Pi\u0119kno w my\u015bli i s\u0142owie. Fragmenty z korespondencji Anny Jenke harcerki \u2013 studentki \u2013 pedagoga, Jaros\u0142aw 2002<\/p>\n\n\n\n<p>Szko\u0142a sukcesu. Gimnazjum Publiczne im. Anny Jenke w B\u0142a\u017cowej. Pierwsza dekada, B\u0142a\u017cowa 2010<\/p>\n\n\n\n<p>Szko\u0142a wykorzystanych szans. Gimnazjum Publiczne im. Anny Jenke w B\u0142a\u017cowej. Druga dekada, B\u0142a\u017cowa 2019<\/p>\n\n\n\n<p>Z Ann\u0105 Jenke na godzinach wychowawczych i katechezach, Jaros\u0142aw 2000<\/p>\n\n\n\n<p>Czasopisma:<\/p>\n\n\n\n<p>Kurier B\u0142a\u017cowski. Czasopismo Samorz\u0105du Gminy B\u0142a\u017cowa<\/p>\n\n\n\n<p>S\u0142oneczna Ska\u0142a. Kwartalnik o wychowaniu wydawany przez Towarzystwo Przyjaci\u00f3\u0142 Anny Jenke w Jaros\u0142awiu 1996 \u2013 2018&nbsp;&nbsp;<\/p>\n\n\n\n<p>Nr 36\/2001: 2001 rok Jubileuszowy Anny Jenke. 80-ta rocznica urodzin Anny Jenke w B\u0142a\u017cowej&nbsp;&nbsp; &nbsp;<\/p>\n\n\n\n<p>Nr 38\/2001:Program Wychowawczy Anny Jenke<\/p>\n\n\n\n<p>Nr 96\/2016, str. 14 -37: Jubileusze S\u0142ugi Bo\u017cej Anny Jenke. 95-lecie urodzin, 40-lecie odej\u015bcia do Pana. Centralne uroczysto\u015bci Jubileuszowe w Gimnazjum Publicznym im. Anny Jenke w B\u0142a\u017cowej<\/p>\n\n\n\n<p>Nr 100\/2017, str 37 \u2013 76: Tylko mi\u0142o\u015b\u0107 zwyci\u0119\u017ca \u015bwiat.. Seminarium w stuletnia rocznice Objawie\u0144 Matki Bo\u017cej w Fatimie pod patronatem Anny Jenke \u2013 Aposto\u0142ki Mi\u0142o\u015bci&nbsp; w B\u0142a\u017cowej \u2013 30 maja 2017 r.<\/p>\n\n\n\n<p>Wychowawca, Nr 6\/2007 str. 10 \u2013 11: Dobro\u0107 i mi\u0142o\u015b\u0107. Anna Jenke&nbsp; (1921 \u2013 1976)<\/p>\n","protected":false},"excerpt":{"rendered":"<p>Anna Paulina Maria Jenke (ur. 3 kwietnia 1921 w B\u0142a\u017cowej, zm. 15 lutego 1976 w Jaros\u0142awiu) \u2013 S\u0142u\u017cebnica Bo\u017ca, polska harcerka, pedagog, pisarka, magister filologii, dzia\u0142aczka spo\u0142eczna. \u017byciorys M\u0142odo\u015b\u0107 i&#8230; <\/p>\n","protected":false},"author":1,"featured_media":0,"parent":0,"menu_order":0,"comment_status":"closed","ping_status":"closed","template":"","meta":{"footnotes":""},"class_list":["post-234","page","type-page","status-publish","hentry"],"_links":{"self":[{"href":"https:\/\/sp.blazowa.net\/index.php?rest_route=\/wp\/v2\/pages\/234","targetHints":{"allow":["GET"]}}],"collection":[{"href":"https:\/\/sp.blazowa.net\/index.php?rest_route=\/wp\/v2\/pages"}],"about":[{"href":"https:\/\/sp.blazowa.net\/index.php?rest_route=\/wp\/v2\/types\/page"}],"author":[{"embeddable":true,"href":"https:\/\/sp.blazowa.net\/index.php?rest_route=\/wp\/v2\/users\/1"}],"replies":[{"embeddable":true,"href":"https:\/\/sp.blazowa.net\/index.php?rest_route=%2Fwp%2Fv2%2Fcomments&post=234"}],"version-history":[{"count":1,"href":"https:\/\/sp.blazowa.net\/index.php?rest_route=\/wp\/v2\/pages\/234\/revisions"}],"predecessor-version":[{"id":235,"href":"https:\/\/sp.blazowa.net\/index.php?rest_route=\/wp\/v2\/pages\/234\/revisions\/235"}],"wp:attachment":[{"href":"https:\/\/sp.blazowa.net\/index.php?rest_route=%2Fwp%2Fv2%2Fmedia&parent=234"}],"curies":[{"name":"wp","href":"https:\/\/api.w.org\/{rel}","templated":true}]}}