{"id":246,"date":"2025-03-21T09:56:52","date_gmt":"2025-03-21T08:56:52","guid":{"rendered":"https:\/\/sp.blazowa.net\/?page_id=246"},"modified":"2025-10-05T08:55:32","modified_gmt":"2025-10-05T06:55:32","slug":"samorzad-uczniowski","status":"publish","type":"page","link":"https:\/\/sp.blazowa.net\/?page_id=246","title":{"rendered":"Samorz\u0105d Uczniowski"},"content":{"rendered":"\n<p><span style=\"text-decoration: underline;\">Przewodnicz\u0105ca\u00a0Samorz\u0105du Uczniowskiego:<\/span><strong><br>Barbara Rz\u0105sa<\/strong> kl. VIII c<\/p>\n\n\n\n<p><span style=\"text-decoration: underline;\">Zast\u0119pczyni Przewodnicz\u0105cej Samorz\u0105du Uczniowskiego:\u00a0<\/span><strong><br>Maria Cag<\/strong> kl. VIII b<\/p>\n\n\n\n<p><span style=\"text-decoration: underline;\">Cz\u0142onkinie:\u00a0<\/span><strong><br><strong>Antonina Dziak<\/strong><\/strong> kl. VII b<br><strong>Izabella Majda<\/strong> kl. VII a<br><strong>Julia Pa\u015bciak<\/strong> kl. VIII c<br><strong>Maja \u015acibor<\/strong> kl. VII a<\/p>\n\n\n\n<p><span style=\"text-decoration: underline;\">Opiekunowie SU:<\/span><br><strong>Marzena Brudz<\/strong><br><strong>Grzegorz Kruczek<\/strong><\/p>\n\n\n\n<p><strong>CELE SAMORZ\u0104DU UCZNIOWSKIEGO:<\/strong><br>Naszym g\u0142\u00f3wnym celem jest tworzenie \u017cyczliwej i tw\u00f3rczej atmosfery, aby ka\u017cdy ucze\u0144 czu\u0142 si\u0119 wsp\u00f3\u0142gospodarzem naszej szko\u0142y, ka\u017cdy m\u00f3g\u0142 odnale\u017a\u0107 tu swoje miejsce, rozwija\u0107 swoje pasje, a przede wszystkim uczy\u0107 si\u0119 przyja\u017ani i zdrowego trybu \u017cycia.<\/p>\n\n\n\n<p>Ponadto podejmujemy szereg r\u00f3\u017cnych dzia\u0142a\u0144, kt\u00f3rych celem jest:<\/p>\n\n\n\n<ul class=\"wp-block-list\">\n<li><strong>dbanie o dobre imi\u0119 i honor szko\u0142y, kultywowanie i wzbogacanie jej tradycji;<\/strong><\/li>\n\n\n\n<li><strong>reprezentowanie og\u00f3\u0142u uczni\u00f3w, integracja \u015brodowiska szkolnego;<\/strong><\/li>\n\n\n\n<li><strong>dzia\u0142ania na rzecz spo\u0142eczno\u015bci uczniowskiej i obrony ich praw;<\/strong><\/li>\n\n\n\n<li><strong>kszta\u0142towanie umiej\u0119tno\u015bci zespo\u0142owego dzia\u0142ania, wyrabianie samokontroli, samooceny i zdyscyplinowania uczni\u00f3w;<\/strong><\/li>\n\n\n\n<li><strong>uczestnictwo w tradycyjnych imprezach szkolnych;<\/strong><\/li>\n\n\n\n<li><strong>organizowanie konkurs\u00f3w, imprez pod kierunkiem opiekun\u00f3w samorz\u0105du.<\/strong><\/li>\n<\/ul>\n","protected":false},"excerpt":{"rendered":"<p>Przewodnicz\u0105ca\u00a0Samorz\u0105du Uczniowskiego:Barbara Rz\u0105sa kl. VIII c Zast\u0119pczyni Przewodnicz\u0105cej Samorz\u0105du Uczniowskiego:\u00a0Maria Cag kl. VIII b Cz\u0142onkinie:\u00a0Antonina Dziak kl. VII bIzabella Majda kl. VII aJulia Pa\u015bciak kl. VIII cMaja \u015acibor kl. VII&#8230; <\/p>\n","protected":false},"author":1,"featured_media":0,"parent":0,"menu_order":0,"comment_status":"closed","ping_status":"closed","template":"","meta":{"footnotes":""},"class_list":["post-246","page","type-page","status-publish","hentry"],"_links":{"self":[{"href":"https:\/\/sp.blazowa.net\/index.php?rest_route=\/wp\/v2\/pages\/246","targetHints":{"allow":["GET"]}}],"collection":[{"href":"https:\/\/sp.blazowa.net\/index.php?rest_route=\/wp\/v2\/pages"}],"about":[{"href":"https:\/\/sp.blazowa.net\/index.php?rest_route=\/wp\/v2\/types\/page"}],"author":[{"embeddable":true,"href":"https:\/\/sp.blazowa.net\/index.php?rest_route=\/wp\/v2\/users\/1"}],"replies":[{"embeddable":true,"href":"https:\/\/sp.blazowa.net\/index.php?rest_route=%2Fwp%2Fv2%2Fcomments&post=246"}],"version-history":[{"count":3,"href":"https:\/\/sp.blazowa.net\/index.php?rest_route=\/wp\/v2\/pages\/246\/revisions"}],"predecessor-version":[{"id":755,"href":"https:\/\/sp.blazowa.net\/index.php?rest_route=\/wp\/v2\/pages\/246\/revisions\/755"}],"wp:attachment":[{"href":"https:\/\/sp.blazowa.net\/index.php?rest_route=%2Fwp%2Fv2%2Fmedia&parent=246"}],"curies":[{"name":"wp","href":"https:\/\/api.w.org\/{rel}","templated":true}]}}

Samorząd Uczniowski

<p><span style="text-decoration: underline;">Przewodnicząca Samorządu Uczniowskiego:</span><strong><br>Barbara Rząsa</strong> kl. VIII c</p>



<p><span style="text-decoration: underline;">Zastępczyni Przewodniczącej Samorządu Uczniowskiego: </span><strong><br>Maria Cag</strong> kl. VIII b</p>



<p><span style="text-decoration: underline;">Członkinie: </span><strong><br><strong>Antonina Dziak</strong></strong> kl. VII b<br><strong>Izabella Majda</strong> kl. VII a<br><strong>Julia Paściak</strong> kl. VIII c<br><strong>Maja Ścibor</strong> kl. VII a</p>



<p><span style="text-decoration: underline;">Opiekunowie SU:</span><br><strong>Marzena Brudz</strong><br><strong>Grzegorz Kruczek</strong></p>



<p><strong>CELE SAMORZĄDU UCZNIOWSKIEGO:</strong><br>Naszym głównym celem jest tworzenie życzliwej i twórczej atmosfery, aby każdy uczeń czuł się współgospodarzem naszej szkoły, każdy mógł odnaleźć tu swoje miejsce, rozwijać swoje pasje, a przede wszystkim uczyć się przyjaźni i zdrowego trybu życia.</p>



<p>Ponadto podejmujemy szereg różnych działań, których celem jest:</p>



<ul class="wp-block-list">
<li><strong>dbanie o dobre imię i honor szkoły, kultywowanie i wzbogacanie jej tradycji;</strong></li>



<li><strong>reprezentowanie ogółu uczniów, integracja środowiska szkolnego;</strong></li>



<li><strong>działania na rzecz społeczności uczniowskiej i obrony ich praw;</strong></li>



<li><strong>kształtowanie umiejętności zespołowego działania, wyrabianie samokontroli, samooceny i zdyscyplinowania uczniów;</strong></li>



<li><strong>uczestnictwo w tradycyjnych imprezach szkolnych;</strong></li>



<li><strong>organizowanie konkursów, imprez pod kierunkiem opiekunów samorządu.</strong></li>
</ul>

<p>Przewodnicząca Samorządu Uczniowskiego:Barbara Rząsa kl. VIII c Zastępczyni Przewodniczącej Samorządu Uczniowskiego: Maria Cag kl. VIII b Członkinie: Antonina Dziak kl. VII bIzabella Majda kl. VII aJulia Paściak kl. VIII cMaja Ścibor kl. VII&#8230; </p>
