{"id":249,"date":"2025-03-21T10:00:05","date_gmt":"2025-03-21T09:00:05","guid":{"rendered":"https:\/\/sp.blazowa.net\/?page_id=249"},"modified":"2025-03-21T10:00:05","modified_gmt":"2025-03-21T09:00:05","slug":"odplatnosc-za-wyzywienie","status":"publish","type":"page","link":"https:\/\/sp.blazowa.net\/?page_id=249","title":{"rendered":"Odp\u0142atno\u015b\u0107 za wy\u017cywienie"},"content":{"rendered":"\n<p><strong>OP\u0141ATA ZA WY\u017bYWIENIE UCZNI\u00d3W<\/strong><\/p>\n\n\n\n<p><strong>Dzienna stawka \u017cywieniowa \u2013 1 posi\u0142ek dziennie \u2013 7,00 z\u0142;<\/strong><\/p>\n\n\n\n<p>Miesi\u0119czna stawka \u017cywieniowa b\u0119dzie podawana na stronie internetowej szko\u0142y.<\/p>\n\n\n\n<p>Op\u0142aty za wy\u017cywienie uczni\u00f3w prosimy dokonywa\u0107 na &nbsp;konto<strong>:<\/strong><\/p>\n\n\n\n<p><strong>93 9158 0001 2001 0006 4594 0004<\/strong><\/p>\n\n\n\n<p>od 1 do 10-go dnia ka\u017cdego miesi\u0105ca; w tytule: imi\u0119 i nazwisko ucznia, klasa, miesi\u0105c.<\/p>\n\n\n\n<p>Nieobecno\u015b\u0107 ucznia z powodu choroby nale\u017cy zg\u0142osi\u0107 telefonicznie w danym dniu w godzinach od 7:30 do 8:30, pod numerem telefonu&nbsp;17&nbsp;230 11 00 lub 17&nbsp;229 70 15. W przeciwnym razie odpisy nie b\u0119d\u0105 naliczane.<\/p>\n","protected":false},"excerpt":{"rendered":"<p>OP\u0141ATA ZA WY\u017bYWIENIE UCZNI\u00d3W Dzienna stawka \u017cywieniowa \u2013 1 posi\u0142ek dziennie \u2013 7,00 z\u0142; Miesi\u0119czna stawka \u017cywieniowa b\u0119dzie podawana na stronie internetowej szko\u0142y. Op\u0142aty za wy\u017cywienie uczni\u00f3w prosimy dokonywa\u0107 na&#8230; <\/p>\n","protected":false},"author":1,"featured_media":0,"parent":0,"menu_order":0,"comment_status":"closed","ping_status":"closed","template":"","meta":{"footnotes":""},"class_list":["post-249","page","type-page","status-publish","hentry"],"_links":{"self":[{"href":"https:\/\/sp.blazowa.net\/index.php?rest_route=\/wp\/v2\/pages\/249","targetHints":{"allow":["GET"]}}],"collection":[{"href":"https:\/\/sp.blazowa.net\/index.php?rest_route=\/wp\/v2\/pages"}],"about":[{"href":"https:\/\/sp.blazowa.net\/index.php?rest_route=\/wp\/v2\/types\/page"}],"author":[{"embeddable":true,"href":"https:\/\/sp.blazowa.net\/index.php?rest_route=\/wp\/v2\/users\/1"}],"replies":[{"embeddable":true,"href":"https:\/\/sp.blazowa.net\/index.php?rest_route=%2Fwp%2Fv2%2Fcomments&post=249"}],"version-history":[{"count":1,"href":"https:\/\/sp.blazowa.net\/index.php?rest_route=\/wp\/v2\/pages\/249\/revisions"}],"predecessor-version":[{"id":250,"href":"https:\/\/sp.blazowa.net\/index.php?rest_route=\/wp\/v2\/pages\/249\/revisions\/250"}],"wp:attachment":[{"href":"https:\/\/sp.blazowa.net\/index.php?rest_route=%2Fwp%2Fv2%2Fmedia&parent=249"}],"curies":[{"name":"wp","href":"https:\/\/api.w.org\/{rel}","templated":true}]}}