{"id":36,"date":"2025-03-18T22:25:36","date_gmt":"2025-03-18T21:25:36","guid":{"rendered":"https:\/\/sp.blazowa.net\/?page_id=36"},"modified":"2026-02-18T17:58:07","modified_gmt":"2026-02-18T16:58:07","slug":"kontakt","status":"publish","type":"page","link":"https:\/\/sp.blazowa.net\/?page_id=36","title":{"rendered":"Rekrutacja"},"content":{"rendered":"\n<p>ZAPISY DO KLASY PIERWSZEJ<\/p>\n\n\n\n<p>Drodzy Rodzice!<\/p>\n\n\n\n<div class=\"wp-block-group is-nowrap is-layout-flex wp-container-core-group-is-layout-ad2f72ca wp-block-group-is-layout-flex\"><figure class=\"wp-block-post-featured-image\"><img decoding=\"async\" width=\"240\" height=\"180\" src=\"https:\/\/sp.blazowa.net\/wp-content\/uploads\/2025\/03\/rekrut-240x180.jpg\" class=\"attachment-post-thumbnail size-post-thumbnail wp-post-image\" alt=\"\" style=\"object-fit:cover;\" \/><\/figure>\n\n\n<p>Dyrekcja Zespo\u0142u Szk\u00f3\u0142 w B\u0142a\u017cowej informuje o zapisach dzieci do klasy pierwszej na rok szkolny 2026\/2027. Zapisy b\u0119d\u0105 si\u0119 odbywa\u0107 w terminie: od 2 marca do 13 marca 2026 r. Jednocze\u015bnie prowadzone b\u0119d\u0105 zapisy do \u015bwietlicy szkolnej.<\/p>\n<\/div>\n\n\n\n<p>WYPE\u0141NIONE \u201eZG\u0141OSZENIE KANDYDATA DO KLASY I\u201d ORAZ \u201eKART\u0118 ZG\u0141OSZENIA DO \u015aWIETLICY SZKOLNEJ\u201d NALE\u017bY Z\u0141O\u017bY\u0106 W SEKRETARIACIE SZKO\u0141Y DO DNIA <strong><u>13 MARCA 2026 r.<\/u><\/strong><\/p>\n\n\n\n<p><strong>Druki dost\u0119pne s\u0105 w sekretariacie szko\u0142y i na stronie internetowej szko\u0142y pod adresem www.sp.blazowa.net&nbsp;(zak\u0142adka: rekrutacja).<\/strong><\/p>\n\n\n\n<p>Rodzic\u00f3w, kt\u00f3rzy nie b\u0119d\u0105 mogli w wy\u017cej wymienionym terminie zapisa\u0107 dziecka do szko\u0142y, prosi si\u0119 o kontakt telefoniczny lub e-mailowy w celu ustalenia innego terminu&nbsp; &#8211; tel. 17&nbsp;230 11 00,&nbsp;17&nbsp;229 70 15, adres e-mail: <a href=\"mailto:zs.spblazowa@gmail.com\">zs.spblazowa@gmail.com<\/a>.<\/p>\n\n\n\n<p><strong>Do wniosku nale\u017cy za\u0142\u0105czy\u0107 1 zdj\u0119cie legitymacyjne<\/strong> <strong>oraz akt urodzenia dziecka (do wgl\u0105du).<\/strong><\/p>\n\n\n\n<p><strong>Do klasy pierwszej w roku szkolnym 2026\/2027 przyjmowane s\u0105:<\/strong><\/p>\n\n\n\n<ol class=\"wp-block-list\">\n<li>dzieci 7-letnie (urodzone w 2019 roku), kt\u00f3re nie rozpocz\u0119\u0142y spe\u0142niania obowi\u0105zku szkolnego&nbsp;w roku szkolnym 2025\/2026);<\/li>\n\n\n\n<li>dzieci 6-letnie (urodzone w 2020 roku), kt\u00f3rych rodzice zdecydowali si\u0119 skorzysta\u0107 z prawa do wcze\u015bniejszego rozpocz\u0119cia nauki w szkole. Warunkiem przyj\u0119cia dziecka sze\u015bcioletniego do klasy pierwszej jest korzystanie z&nbsp;wychowania przedszkolnego w roku szkolnym 2025\/2026 lub uzyskanie opinii poradni psychologiczno- pedagogicznej o mo\u017cliwo\u015bci rozpocz\u0119cia nauki w&nbsp;szkole podstawowej.<\/li>\n<\/ol>\n\n\n\n<p>Zasady rekrutacji:<\/p>\n\n\n\n<p><a href=\"https:\/\/sp.blazowa.net\/wp-content\/uploads\/2026\/02\/zasady-rekrutacji-2026-2027.pdf\">https:\/\/sp.blazowa.net\/wp-content\/uploads\/2026\/02\/zasady-rekrutacji-2026-2027.pdf<\/a><\/p>\n\n\n\n<p>Wniosek o przyj\u0119cie do pierwszej klasy (pdf):<\/p>\n\n\n\n<p><a href=\"https:\/\/sp.blazowa.net\/wp-content\/uploads\/2026\/02\/Wniosek-o-przyjecie-do-I-klasy_ODDZ.-SPORTOWY.pdf\">https:\/\/sp.blazowa.net\/wp-content\/uploads\/2026\/02\/Wniosek-o-przyjecie-do-I-klasy_ODDZ.-SPORTOWY.pdf<\/a><\/p>\n\n\n\n<p>Wniosek o przyj\u0119cie do pierwszej klasy (docx):<\/p>\n\n\n\n<p><a href=\"https:\/\/sp.blazowa.net\/wp-content\/uploads\/2026\/02\/Wniosek-o-przyjecie-do-I-klasy_ODDZ.-SPORTOWY.docx\">https:\/\/sp.blazowa.net\/wp-content\/uploads\/2026\/02\/Wniosek-o-przyjecie-do-I-klasy_ODDZ.-SPORTOWY.docx<\/a><\/p>\n\n\n\n<p>Regulamin \u015bwietlicy:<\/p>\n\n\n\n<p><a href=\"https:\/\/sp.blazowa.net\/wp-content\/uploads\/2026\/02\/Regulamin-swietlicy.pdf\">https:\/\/sp.blazowa.net\/wp-content\/uploads\/2026\/02\/Regulamin-swietlicy.pdf<\/a><\/p>\n\n\n\n<p>Karta \u015bwietlicy:<\/p>\n\n\n\n<p><a href=\"https:\/\/sp.blazowa.net\/wp-content\/uploads\/2026\/02\/Karta-swietlicy.pdf\">https:\/\/sp.blazowa.net\/wp-content\/uploads\/2026\/02\/Karta-swietlicy.pdf<\/a><\/p>\n\n\n\n<p><\/p>\n","protected":false},"excerpt":{"rendered":"<p>ZAPISY DO KLASY PIERWSZEJ Drodzy Rodzice! Dyrekcja Zespo\u0142u Szk\u00f3\u0142 w B\u0142a\u017cowej informuje o zapisach dzieci do klasy pierwszej na rok szkolny 2026\/2027. Zapisy b\u0119d\u0105 si\u0119 odbywa\u0107 w terminie: od 2&#8230; <\/p>\n","protected":false},"author":1,"featured_media":147,"parent":0,"menu_order":0,"comment_status":"closed","ping_status":"closed","template":"","meta":{"footnotes":""},"class_list":["post-36","page","type-page","status-publish","has-post-thumbnail","hentry"],"_links":{"self":[{"href":"https:\/\/sp.blazowa.net\/index.php?rest_route=\/wp\/v2\/pages\/36","targetHints":{"allow":["GET"]}}],"collection":[{"href":"https:\/\/sp.blazowa.net\/index.php?rest_route=\/wp\/v2\/pages"}],"about":[{"href":"https:\/\/sp.blazowa.net\/index.php?rest_route=\/wp\/v2\/types\/page"}],"author":[{"embeddable":true,"href":"https:\/\/sp.blazowa.net\/index.php?rest_route=\/wp\/v2\/users\/1"}],"replies":[{"embeddable":true,"href":"https:\/\/sp.blazowa.net\/index.php?rest_route=%2Fwp%2Fv2%2Fcomments&post=36"}],"version-history":[{"count":6,"href":"https:\/\/sp.blazowa.net\/index.php?rest_route=\/wp\/v2\/pages\/36\/revisions"}],"predecessor-version":[{"id":1026,"href":"https:\/\/sp.blazowa.net\/index.php?rest_route=\/wp\/v2\/pages\/36\/revisions\/1026"}],"wp:featuredmedia":[{"embeddable":true,"href":"https:\/\/sp.blazowa.net\/index.php?rest_route=\/wp\/v2\/media\/147"}],"wp:attachment":[{"href":"https:\/\/sp.blazowa.net\/index.php?rest_route=%2Fwp%2Fv2%2Fmedia&parent=36"}],"curies":[{"name":"wp","href":"https:\/\/api.w.org\/{rel}","templated":true}]}}